late the remainder when 195 is divided by 40.
35
Calculate the remainder when 625 is divided by 320.
305
Calculate the remainder when 676 is divided by 69.
55
Calculate the remainder when 271 is divided by 87.
10
What is the remainder when 207 is divided by 72?
63
Calculate the remainder when 282 is divided by 58.
50
What is the remainder when 461 is divided by 21?
20
What is the remainder when 272 is divided by 15?
2
Calculate the remainder when 427 is divided by 13.
11
Calculate the remainder when 252 is divided by 44.
32
Calculate the remainder when 11681 is divided by 198.
197
What is the remainder when 6017 is divided by 140?
137
Calculate the remainder when 195 is divided by 40.
35
Calculate the remainder when 433 is divided by 87.
85
What is the remainder when 148 is divided by 42?
22
What is the remainder when 395 is divided by 9?
8
Calculate the remainder when 107 is divided by 43.
21
Calculate the remainder when 276 is divided by 24.
12
What is the remainder when 299 is divided by 29?
9
What is the remainder when 3059 is divided by 153?
152
Calculate the remainder when 207 is divided by 204.
3
Calculate the remainder when 201 is divided by 7.
5
What is the remainder when 259 is divided by 93?
73
Calculate the remainder when 509 is divided by 256.
253
What is the remainder when 581 is divided by 45?
41
What is the remainder when 241 is divided by 76?
13
Calculate the remainder when 42 is divided by 11.
9
Calculate the remainder when 12 is divided by 9.
3
Calculate the remainder when 604 is divided by 497.
107
What is the remainder when 7208 is divided by 327?
14
Calculate the remainder when 1134 is divided by 15.
9
What is the remainder when 7132 is divided by 28?
20
Calculate the remainder when 5710 is divided by 84.
82
Calculate the remainder when 3098 is divided by 1544.
10
Calculate the remainder when 417 is divided by 6.
3
Calculate the remainder when 2682 is divided by 669.
6
What is the remainder when 2081 is divided by 1035?
11
Calculate the remainder when 87 is divided by 21.
3
Calculate the remainder when 26 is divided by 4.
2
What is the remainder when 677 is divided by 183?
128
Calculate the remainder when 4543 is divided by 45.
43
Calculate the remainder when 174 is divided by 91.
83
What is the remainder when 4659 is divided by 10?
9
Calculate the remainder when 120 is divided by 19.
6
Calculate the remainder when 6906 is divided by 47.
44
Calculate the remainder when 231 is divided by 204.
27
What is the remainder when 580 is divided by 53?
50
What is the remainder when 1072 is divided by 72?
64
Calculate the remainder when 37 is divided by 10.
7
Calculate the remainder when 310 is divided by 5.
0
What is the remainder when 1165 is divided by 106?
105
Calculate the remainder when 592 is divided by 60.
52
What is the remainder when 859 is divided by 86?
85
What is the remainder when 211 is divided by 22?
13
Calculate the remainder when 14322 is divided by 15.
12
What is the remainder when 1629 is divided by 96?
93
What is the remainder when 1999 is divided by 25?
24
Calculate the remainder when 234 is divided by 63.
45
What is the remainder when 53 is divided by 12?
5
What is the remainder when 297 is divided by 295?
2
Calculate the remainder when 1235 is divided by 237.
50
Calculate the remainder when 1235 is divided by 102.
11
Calculate the remainder when 85 is divided by 61.
24
What is the remainder when 522 is divided by 81?
36
What is the remainder when 20 is divided by 7?
6
What is the remainder when 1129 is divided by 10?
9
Calculate the remainder when 29 is divided by 21.
8
Calculate the remainder when 35 is divided by 27.
8
What is the remainder when 4311 is divided by 268?
23
What is the remainder when 2559 is divided by 186?
141
Calculate the remainder when 1506 is divided by 448.
162
What is the remainder when 2455 is divided by 63?
61
Calculate the remainder when 654 is divided by 169.
147
What is the remainder when 202 is divided by 108?
94
What is the remainder when 3462 is divided by 860?
22
What is the remainder when 948 is divided by 56?
52
Calculate the remainder when 695 is divided by 37.
29
Calculate the remainder when 120 is divided by 40.
0
What is the remainder when 361 is divided by 164?
33
Calculate the remainder when 966 is divided by 190.
16
What is the remainder when 454 is divided by 19?
17
What is the remainder when 201 is divided by 102?
99
Calculate the remainder when 755 is divided by 125.
5
What is the remainder when 1642 is divided by 612?
418
What is the remainder when 71 is divided by 31?
9
Calculate the remainder when 99 is divided by 20.
19
Calculate the remainder when 176 is divided by 71.
34
Calculate the remainder when 173 is divided by 88.
85
What is the remainder when 4535 is divided by 28?
27
What is the remainder when 736 is divided by 151?
132
Calculate the remainder when 309 is divided by 66.
45
Calculate the remainder when 775 is divided by 111.
109
What is the remainder when 130 is divided by 29?
14
What is the remainder when 40 is divided by 14?
12
What is the remainder when 142 is divided by 30?
22
Calculate the remainder when 3442 is divided by 84.
82
What is the remainder when 59349 is divided by 24?
21
Calculate the remainder when 3406 is divided by 79.
9
Calculate the remainder when 226 is divided by 26.
18
Calculate the remainder when 20833 is divided by 36.
25
Calculate the remainder when 4200 is divided by 1400.
0
Calculate the remainder when 7793 is divided by 229.
7
What is the remainder when 12332 is divided by 8?
4
What is the remainder when 115 is divided by 47?
21
Calculate the remainder when 1138 is divided by 12.
10
Calculate the remainder when 239 is divided by 78.
5
Calculate the remainder when 7122 is divided by 125.
122
What is the remainder when 255 is divided by 129?
126
What is the remainder when 785 is divided by 21?
8
Calculate the remainder when 977 is divided by 300.
77
Calculate the remainder when 315 is divided by 110.
95
What is the remainder when 1515 is divided by 372?
27
What is the remainder when 4397 is divided by 80?
77
What is the remainder when 204 is divided by 8?
4
Calculate the remainder when 5821 is divided by 32.
29
Calculate the remainder when 5473 is divided by 75.
73
Calculate the remainder when 87 is divided by 32.
23
What is the remainder when 159 is divided by 23?
21
What is the remainder when 327 is divided by 15?
12
What is the remainder when 83 is divided by 18?
11
What is the remainder when 490 is divided by 2?
0
Calculate the remainder when 529 is divided by 59.
57
Calculate the remainder when 4179 is divided by 95.
94
What is the remainder when 357 is divided by 289?
68
What is the remainder when 247 is divided by 36?
31
What is the remainder when 34 is divided by 19?
15
What is the remainder when 441 is divided by 46?
27
What is the remainder when 173 is divided by 37?
25
Calculate the remainder when 472 is divided by 468.
4
What is the remainder when 2061 is divided by 129?
126
Calculate the remainder when 812 is divided by 16.
12
What is the remainder when 692 is divided by 20?
12
Calculate the remainder when 3212 is divided by 189.
188
What is the remainder when 1315 is divided by 167?
146
What is the remainder when 217 is divided by 55?
52
What is the remainder when 79 is divided by 11?
2
Calculate the remainder when 597 is divided by 127.
89
What is the remainder when 820 is divided by 205?
0
Calculate the remainder when 1304 is divided by 119.
114
What is the remainder when 470 is divided by 43?
40
Calculate the remainder when 287 is divided by 9.
8
What is the remainder when 294 is divided by 158?
136
Calculate the remainder when 118 is divided by 18.
10
What is the remainder when 414 is divided by 13?
11
What is the remainder when 347 is divided by 37?
14
What is the remainder when 367 is divided by 76?
63
Calculate the remainder when 279 is divided by 37.
20
What is the remainder when 104 is divided by 102?
2
What is the remainder when 95 is divided by 13?
4
Calculate the remainder when 515 is divided by 43.
42
What is the remainder when 58 is divided by 30?
28
Calculate the remainder when 472 is divided by 53.
48
Calculate the remainder when 5797 is divided by 50.
47
What is the remainder when 1007 i